 40 is divided by 6.
4
What is the remainder when 136 is divided by 30?
16
What is the remainder when 3816 is divided by 1903?
10
What is the remainder when 2227 is divided by 29?
23
What is the remainder when 109 is divided by 18?
1
Calculate the remainder when 72 is divided by 22.
6
Calculate the remainder when 608 is divided by 61.
59
What is the remainder when 262 is divided by 251?
11
Calculate the remainder when 509 is divided by 302.
207
What is the remainder when 126 is divided by 16?
14
What is the remainder when 257 is divided by 101?
55
What is the remainder when 121 is divided by 32?
25
Calculate the remainder when 99 is divided by 72.
27
What is the remainder when 44 is divided by 12?
8
Calculate the remainder when 92 is divided by 8.
4
Calculate the remainder when 309 is divided by 71.
25
What is the remainder when 70 is divided by 18?
16
What is the remainder when 212 is divided by 79?
54
Calculate the remainder when 334 is divided by 108.
10
Calculate the remainder when 1127 is divided by 39.
35
Calculate the remainder when 220 is divided by 28.
24
What is the remainder when 670 is divided by 75?
70
Calculate the remainder when 1263 is divided by 49.
38
What is the remainder when 88 is divided by 17?
3
Calculate the remainder when 9 is divided by 2.
1
Calculate the remainder when 13832 is divided by 346.
338
Calculate the remainder when 636 is divided by 212.
0
What is the remainder when 6836 is divided by 26?
24
What is the remainder when 1076 is divided by 20?
16
What is the remainder when 589 is divided by 218?
153
Calculate the remainder when 173 is divided by 7.
5
Calculate the remainder when 136 is divided by 68.
0
Calculate the remainder when 4569 is divided by 3.
0
What is the remainder when 2011 is divided by 72?
67
What is the remainder when 48 is divided by 44?
4
Calculate the remainder when 2489 is divided by 83.
82
What is the remainder when 25 is divided by 9?
7
Calculate the remainder when 76 is divided by 69.
7
Calculate the remainder when 48 is divided by 7.
6
What is the remainder when 155 is divided by 4?
3
Calculate the remainder when 5110 is divided by 31.
26
Calculate the remainder when 103 is divided by 56.
47
What is the remainder when 2312 is divided by 41?
16
Calculate the remainder when 33 is divided by 17.
16
What is the remainder when 1124 is divided by 692?
432
Calculate the remainder when 1032 is divided by 69.
66
Calculate the remainder when 1042 is divided by 18.
16
Calculate the remainder when 378 is divided by 38.
36
What is the remainder when 105 is divided by 20?
5
What is the remainder when 108 is divided by 22?
20
What is the remainder when 213 is divided by 27?
24
What is the remainder when 545 is divided by 534?
11
Calculate the remainder when 9199 is divided by 43.
40
What is the remainder when 63 is divided by 11?
8
Calculate the remainder when 2750 is divided by 2745.
5
What is the remainder when 543 is divided by 186?
171
What is the remainder when 194 is divided by 189?
5
Calculate the remainder when 178 is divided by 37.
30
What is the remainder when 241 is divided by 18?
7
Calculate the remainder when 621 is divided by 33.
27
Calculate the remainder when 2171 is divided by 128.
123
What is the remainder when 4849 is divided by 14?
5
Calculate the remainder when 11131 is divided by 242.
241
What is the remainder when 203 is divided by 69?
65
What is the remainder when 404 is divided by 136?
132
Calculate the remainder when 1855 is divided by 264.
7
Calculate the remainder when 1868 is divided by 13.
9
What is the remainder when 245 is divided by 42?
35
What is the remainder when 1590 is divided by 40?
30
Calculate the remainder when 21 is divided by 5.
1
What is the remainder when 6236 is divided by 9?
8
What is the remainder when 37197 is divided by 24?
21
Calculate the remainder when 205 is divided by 44.
29
What is the remainder when 240 is divided by 67?
39
What is the remainder when 93 is divided by 19?
17
Calculate the remainder when 2836 is divided by 220.
196
Calculate the remainder when 1645 is divided by 55.
50
Calculate the remainder when 912 is divided by 130.
2
What is the remainder when 211 is divided by 96?
19
What is the remainder when 854 is divided by 45?
44
What is the remainder when 765 is divided by 8?
5
Calculate the remainder when 344 is divided by 70.
64
What is the remainder when 254 is divided by 27?
11
What is the remainder when 515 is divided by 18?
11
What is the remainder when 3944 is divided by 14?
10
What is the remainder when 2971 is divided by 48?
43
What is the remainder when 1610 is divided by 10?
0
Calculate the remainder when 3405 is divided by 131.
130
What is the remainder when 2435 is divided by 22?
15
What is the remainder when 74 is divided by 4?
2
What is the remainder when 877 is divided by 290?
7
Calculate the remainder when 260 is divided by 14.
8
What is the remainder when 21 is divided by 10?
1
Calculate the remainder when 71 is divided by 19.
14
What is the remainder when 28 is divided by 3?
1
What is the remainder when 951 is divided by 314?
9
What is the remainder when 64 is divided by 47?
17
What is the remainder when 543 is divided by 39?
36
Calculate the remainder when 65 is divided by 14.
9
Calculate the remainder when 42 is divided by 9.
6
Calculate the remainder when 2758 is divided by 115.
113
Calculate the remainder when 3359 is divided by 84.
83
What is the remainder when 953 is divided by 191?
189
Calculate the remainder when 1421 is divided by 264.
101
Calculate the remainder when 29624 is divided by 75.
74
What is the remainder when 30141 is divided by 16?
13
Calculate the remainder when 30 is divided by 4.
2
Calculate the remainder when 91 is divided by 7.
0
What is the remainder when 240 is divided by 214?
26
Calculate the remainder when 98 is divided by 55.
43
What is the remainder when 191 is divided by 41?
27
What is the remainder when 194 is divided by 28?
26
What is the remainder when 657 is divided by 44?
41
Calculate the remainder when 4177 is divided by 110.
107
What is the remainder when 43 is divided by 28?
15
What is the remainder when 360 is divided by 116?
12
Calculate the remainder when 731 is divided by 26.
3
What is the remainder when 76 is divided by 53?
23
Calculate the remainder when 143 is divided by 5.
3
What is the remainder when 6663 is divided by 11?
8
Calculate the remainder when 167 is divided by 7.
6
What is the remainder when 446 is divided by 129?
59
What is the remainder when 237 is divided by 40?
37
Calculate the remainder when 9015 is divided by 92.
91
Calculate the remainder when 5328 is divided by 13.
11
Calculate the remainder when 538 is divided by 53.
8
What is the remainder when 86 is divided by 84?
2
Calculate the remainder when 385 is divided by 78.
73
Calculate the remainder when 19 is divided by 5.
4
What is the remainder when 341 is divided by 117?
107
What is the remainder when 234 is divided by 3?
0
What is the remainder when 136 is divided by 38?
22
What is the remainder when 1646 is divided by 203?
22
Calculate the remainder when 40 is divided by 16.
8
Calculate the remainder when 61 is divided by 19.
4
What is the remainder when 5 is divided by 2?
1
Calculate the remainder when 4700 is divided by 98.
94
What is the remainder when 589 is divided by 33?
28
What is the remainder when 132 is divided by 34?
30
What is the remainder when 30 is divided by 28?
2
Calculate the remainder when 1470 is divided by 20.
10
What is the remainder when 2858 is divided by 13?
11
Calculate the remainder when 11549 is divided by 110.
109
Calculate the remainder when 1047 is divided by 75.
72
Calculate the remainder when 733 is divided by 60.
13
Calculate the remainder when 27 is divided by 13.
1
Calculate the remainder when 716 is divided by 123.
101
Calculate the remainder when 1230 is divided by 28.
26
What is the remainder when 899 is divided by 894?
5
Calculate the remainder when 580 is divided by 181.
37
What is the remainder when 929 is divided by 30?
29
What is the remainder when 1172 is divided by 48?
20
Calculate the remainder when 1888 is divided by 35.
33
Calculate the remainder when 469 is divided by 14.
7
What is the remainder when 921 is divided by 194?
145
What is the re